{"id":5454,"date":"2022-04-04T12:57:36","date_gmt":"2022-04-04T10:57:36","guid":{"rendered":"https:\/\/aist.fh-hagenberg.at\/?page_id=5454"},"modified":"2022-11-29T11:13:50","modified_gmt":"2022-11-29T10:13:50","slug":"bambi","status":"publish","type":"page","link":"https:\/\/aist.fh-hagenberg.at\/index.php\/en\/projects\/bambi","title":{"rendered":"Bambi"},"content":{"rendered":"\t\t<div data-elementor-type=\"wp-page\" data-elementor-id=\"5454\" class=\"elementor elementor-5454\">\n\t\t\t\t\t\t<section class=\"elementor-section elementor-top-section elementor-element elementor-element-53c16e84 elementor-section-boxed elementor-section-height-default elementor-section-height-default\" data-id=\"53c16e84\" data-element_type=\"section\" data-settings=\"{&quot;background_background&quot;:&quot;classic&quot;,&quot;animation&quot;:&quot;none&quot;}\">\n\t\t\t\t\t\t\t<div class=\"elementor-background-overlay\"><\/div>\n\t\t\t\t\t\t\t<div class=\"elementor-container elementor-column-gap-default\">\n\t\t\t\t\t<div class=\"elementor-column elementor-col-100 elementor-top-column elementor-element elementor-element-6aca2c8d\" data-id=\"6aca2c8d\" data-element_type=\"column\">\n\t\t\t<div class=\"elementor-widget-wrap elementor-element-populated\">\n\t\t\t\t\t\t<div class=\"elementor-element elementor-element-137e7fd2 elementor-widget elementor-widget-image\" data-id=\"137e7fd2\" data-element_type=\"widget\" data-widget_type=\"image.default\">\n\t\t\t\t<div class=\"elementor-widget-container\">\n\t\t\t\t\t\t\t\t\t\t\t\t\t\t\t<img decoding=\"async\" width=\"150\" height=\"150\" src=\"https:\/\/aist.fh-hagenberg.at\/wp-content\/uploads\/2022\/04\/bambi-1-150x150.png\" class=\"attachment-thumbnail size-thumbnail wp-image-5471\" alt=\"bambi\" srcset=\"https:\/\/aist.fh-hagenberg.at\/wp-content\/uploads\/2022\/04\/bambi-1-150x150.png 150w, https:\/\/aist.fh-hagenberg.at\/wp-content\/uploads\/2022\/04\/bambi-1.png 250w\" sizes=\"(max-width: 150px) 100vw, 150px\" \/>\t\t\t\t\t\t\t\t\t\t\t\t\t\t\t<\/div>\n\t\t\t\t<\/div>\n\t\t\t\t\t<\/div>\n\t\t<\/div>\n\t\t\t\t\t<\/div>\n\t\t<\/section>\n\t\t\t\t<section class=\"elementor-section elementor-top-section elementor-element elementor-element-628403c5 elementor-section-boxed elementor-section-height-default elementor-section-height-default\" data-id=\"628403c5\" data-element_type=\"section\">\n\t\t\t\t\t\t<div class=\"elementor-container elementor-column-gap-default\">\n\t\t\t\t\t<div class=\"elementor-column elementor-col-100 elementor-top-column elementor-element elementor-element-1d41eaae\" data-id=\"1d41eaae\" data-element_type=\"column\">\n\t\t\t<div class=\"elementor-widget-wrap elementor-element-populated\">\n\t\t\t\t\t\t<div class=\"elementor-element elementor-element-2266f5a8 elementor-widget elementor-widget-text-editor\" data-id=\"2266f5a8\" data-element_type=\"widget\" data-widget_type=\"text-editor.default\">\n\t\t\t\t<div class=\"elementor-widget-container\">\n\t\t\t\t\t\t\t\t\t<p>Healthy and intact forests, rich in biodiversity, are essential for the well-being of humans, the health of the entire planet, and play an important role in the fight against climate change. Sustainable wild-life-management strategies to keep forests intact rely on wildlife monitoring for decisions, such as protecting or regulating certain species. Existing monitoring techniques, however, are either labor-intensive, suffer from severe inaccuracies, or cannot be applied in dense vegetation. Within the project <a href=\"http:\/\/www.bambi.eco\/\">BAMBI<\/a> (Biodiversity Airborne Monitoring Based on Intelligent UAV sampling) a novel airborne-light-field-sampling technology and an advanced AI classification system for accurate and reliable animal monitoring should be developed, with the potential to fill this gap. BAMBI&#8217;s advantage over alternatives should be its innovative occlusion removal algorithm which makes it possible to identify and classify animals in forests by using uncrewed aerial vehicles (UAVs). The AIST research group is supporting colleagues of the partner research group, the <a href=\"https:\/\/mi-lab.org\/\">Media Interaction Lab<\/a>, in this effort.<\/p>\t\t\t\t\t\t\t\t<\/div>\n\t\t\t\t<\/div>\n\t\t\t\t<div class=\"elementor-element elementor-element-245df098 elementor-widget-divider--separator-type-pattern elementor-widget-divider--view-line elementor-widget elementor-widget-divider\" data-id=\"245df098\" data-element_type=\"widget\" data-widget_type=\"divider.default\">\n\t\t\t\t<div class=\"elementor-widget-container\">\n\t\t\t\t\t\t\t<div class=\"elementor-divider\" style=\"--divider-pattern-url: url(&quot;data:image\/svg+xml,%3Csvg xmlns=&#039;http:\/\/www.w3.org\/2000\/svg&#039; preserveAspectRatio=&#039;none&#039; overflow=&#039;visible&#039; height=&#039;100%&#039; viewBox=&#039;0 0 24 24&#039; fill=&#039;none&#039; stroke=&#039;black&#039; stroke-width=&#039;1&#039; stroke-linecap=&#039;square&#039; stroke-miterlimit=&#039;10&#039;%3E%3Cpolyline points=&#039;0,18 12,6 24,18 &#039;\/%3E%3C\/svg%3E&quot;);\">\n\t\t\t<span class=\"elementor-divider-separator\">\n\t\t\t\t\t\t<\/span>\n\t\t<\/div>\n\t\t\t\t\t\t<\/div>\n\t\t\t\t<\/div>\n\t\t\t\t<div class=\"elementor-element elementor-element-e42a358 elementor-widget elementor-widget-text-editor\" data-id=\"e42a358\" data-element_type=\"widget\" data-widget_type=\"text-editor.default\">\n\t\t\t\t<div class=\"elementor-widget-container\">\n\t\t\t\t\t\t\t\t\t<p><strong>Runtime: <\/strong>01.04.2022 &#8211; 30.04.2025<br \/><strong>Partner:\u00a0\u00a0<\/strong><\/p><ul><li><a href=\"https:\/\/mi-lab.org\/\">University of Applied Sciences Upper Austria &#8211; Media Interaction Lab<\/a><\/li><li>B\u00fcro f\u00fcr Wild\u00f6kologie und Forstwirtschaft e.U.<\/li><li>Umweltdata GmbH<\/li><li>ViewCopter e.U.<\/li><li>State hunting associations Lower Austria, Upper Austria and Tyrol<\/li><\/ul><p><strong>Funding: <\/strong>Austrian Research Promotion Agency (FFG) &#8211; AI4Green<\/p>\t\t\t\t\t\t\t\t<\/div>\n\t\t\t\t<\/div>\n\t\t\t\t\t<\/div>\n\t\t<\/div>\n\t\t\t\t\t<\/div>\n\t\t<\/section>\n\t\t\t\t<\/div>\n\t\t","protected":false},"excerpt":{"rendered":"<p>Healthy and intact forests, rich in biodiversity, are essential for the well-being of humans, the health of the entire planet, [&hellip;]<\/p>\n","protected":false},"author":10,"featured_media":0,"parent":392,"menu_order":0,"comment_status":"closed","ping_status":"closed","template":"","meta":{"footnotes":""},"tags":[],"class_list":["post-5454","page","type-page","status-publish","hentry","col-lg-4 col-md-6"],"_links":{"self":[{"href":"https:\/\/aist.fh-hagenberg.at\/index.php\/wp-json\/wp\/v2\/pages\/5454","targetHints":{"allow":["GET"]}}],"collection":[{"href":"https:\/\/aist.fh-hagenberg.at\/index.php\/wp-json\/wp\/v2\/pages"}],"about":[{"href":"https:\/\/aist.fh-hagenberg.at\/index.php\/wp-json\/wp\/v2\/types\/page"}],"author":[{"embeddable":true,"href":"https:\/\/aist.fh-hagenberg.at\/index.php\/wp-json\/wp\/v2\/users\/10"}],"replies":[{"embeddable":true,"href":"https:\/\/aist.fh-hagenberg.at\/index.php\/wp-json\/wp\/v2\/comments?post=5454"}],"version-history":[{"count":19,"href":"https:\/\/aist.fh-hagenberg.at\/index.php\/wp-json\/wp\/v2\/pages\/5454\/revisions"}],"predecessor-version":[{"id":6100,"href":"https:\/\/aist.fh-hagenberg.at\/index.php\/wp-json\/wp\/v2\/pages\/5454\/revisions\/6100"}],"up":[{"embeddable":true,"href":"https:\/\/aist.fh-hagenberg.at\/index.php\/wp-json\/wp\/v2\/pages\/392"}],"wp:attachment":[{"href":"https:\/\/aist.fh-hagenberg.at\/index.php\/wp-json\/wp\/v2\/media?parent=5454"}],"wp:term":[{"taxonomy":"post_tag","embeddable":true,"href":"https:\/\/aist.fh-hagenberg.at\/index.php\/wp-json\/wp\/v2\/tags?post=5454"}],"curies":[{"name":"wp","href":"https:\/\/api.w.org\/{rel}","templated":true}]}}