{"id":4436,"date":"2021-06-02T07:30:03","date_gmt":"2021-06-02T05:30:03","guid":{"rendered":"https:\/\/aist.fh-hagenberg.at\/?page_id=4436"},"modified":"2022-03-13T11:02:34","modified_gmt":"2022-03-13T10:02:34","slug":"alpinio","status":"publish","type":"page","link":"https:\/\/aist.fh-hagenberg.at\/index.php\/de\/projekte\/alpinio","title":{"rendered":"AlpinIO"},"content":{"rendered":"<p><img loading=\"lazy\" decoding=\"async\" width=\"150\" height=\"150\" src=\"https:\/\/aist.fh-hagenberg.at\/wp-content\/uploads\/2021\/06\/alpinio-150x150.png\" alt=\"alpinio\" loading=\"lazy\" srcset=\"https:\/\/aist.fh-hagenberg.at\/wp-content\/uploads\/2021\/06\/alpinio-150x150.png 150w, https:\/\/aist.fh-hagenberg.at\/wp-content\/uploads\/2021\/06\/alpinio.png 250w\" sizes=\"auto, (max-width: 150px) 100vw, 150px\" \/>\t\t\t\t\t\t\t\t\t\t\t\t\t\t<\/p>\n<p>Die AlpinIO Forschungskooperation besch\u00e4ftigt sich mit Methoden aus dem Bereich Computer Vision zur unterst\u00fctzten Aufbereitung, Verarbeitung und Auswertung von Alpinen Vegetationen. Dabei steht vor allem die akkurate Erkennung und im weiteren die Segmentierung der Gew\u00e4chse im Vordergrund. Mit diesen Informationen k\u00f6nnen Aussagen \u00fcber die Entwicklung \u00fcber die Jahre durchgef\u00fchrt werden und so auch m\u00f6gliche Einfl\u00fcssen einer Klimaerw\u00e4rmung. Im Zuge dessen stehen Aufnahmen aus mehreren Jahren zur Verf\u00fcgung, die die Entwicklung dieser Gebiete festhalten. Diese Vegetationszone erlaubt einen Blick in die Vergangenheit und somit in die Entwicklung anderer Zonen vor tausenden von Jahren.<\/p>\n<p><strong>Laufzeit: <\/strong>01.06.2021 &#8211; 28.02.2022<br \/><strong>Partner:\u00a0 <\/strong>Ennacon environment nature consulting KG &amp; Nationalpark Hohe Tauern<br \/><strong>F\u00f6rdergeber\/-programm:\u00a0<\/strong><\/p>\n<ul>\n<li>Land Ober\u00f6sterreich &#8211; easy2innovate\n<ul>\n<li><strong>Projektschwerpunkt<\/strong>: Klassifikation und Segmentierung von Pflanzenarten f\u00fcr Biodiversit\u00e4tsanalysen<\/li>\n<\/ul>\n<\/li>\n<li>\u00d6sterreichische Forschungsf\u00f6rderungsgesellschaft FFG &#8211; Innovationsscheck+\n<ul>\n<li><strong>Projektschwerpunkt<\/strong>: Methoden zur Analyse von Pflanzen hinsichtlich Bewuchsdichte, Gr\u00f6\u00dfe\/Form der Pflanzen\/Bl\u00e4tter und auch Verdr\u00e4ngung (Biodiversit\u00e4t) durch andere Spezien<\/li>\n<\/ul>\n<\/li>\n<\/ul>\n","protected":false},"excerpt":{"rendered":"<p>Die AlpinIO Forschungskooperation besch\u00e4ftigt sich mit Methoden aus dem Bereich Computer Vision zur unterst\u00fctzten Aufbereitung, Verarbeitung und Auswertung von Alpinen [&hellip;]<\/p>\n","protected":false},"author":10,"featured_media":0,"parent":30,"menu_order":0,"comment_status":"closed","ping_status":"closed","template":"","meta":{"footnotes":""},"tags":[],"class_list":["post-4436","page","type-page","status-publish","hentry","col-lg-4 col-md-6"],"_links":{"self":[{"href":"https:\/\/aist.fh-hagenberg.at\/index.php\/wp-json\/wp\/v2\/pages\/4436","targetHints":{"allow":["GET"]}}],"collection":[{"href":"https:\/\/aist.fh-hagenberg.at\/index.php\/wp-json\/wp\/v2\/pages"}],"about":[{"href":"https:\/\/aist.fh-hagenberg.at\/index.php\/wp-json\/wp\/v2\/types\/page"}],"author":[{"embeddable":true,"href":"https:\/\/aist.fh-hagenberg.at\/index.php\/wp-json\/wp\/v2\/users\/10"}],"replies":[{"embeddable":true,"href":"https:\/\/aist.fh-hagenberg.at\/index.php\/wp-json\/wp\/v2\/comments?post=4436"}],"version-history":[{"count":16,"href":"https:\/\/aist.fh-hagenberg.at\/index.php\/wp-json\/wp\/v2\/pages\/4436\/revisions"}],"predecessor-version":[{"id":5388,"href":"https:\/\/aist.fh-hagenberg.at\/index.php\/wp-json\/wp\/v2\/pages\/4436\/revisions\/5388"}],"up":[{"embeddable":true,"href":"https:\/\/aist.fh-hagenberg.at\/index.php\/wp-json\/wp\/v2\/pages\/30"}],"wp:attachment":[{"href":"https:\/\/aist.fh-hagenberg.at\/index.php\/wp-json\/wp\/v2\/media?parent=4436"}],"wp:term":[{"taxonomy":"post_tag","embeddable":true,"href":"https:\/\/aist.fh-hagenberg.at\/index.php\/wp-json\/wp\/v2\/tags?post=4436"}],"curies":[{"name":"wp","href":"https:\/\/api.w.org\/{rel}","templated":true}]}}