{"id":4055,"date":"2020-11-03T14:38:06","date_gmt":"2020-11-03T13:38:06","guid":{"rendered":"https:\/\/aist.fh-hagenberg.at\/?page_id=4055"},"modified":"2021-01-12T15:04:28","modified_gmt":"2021-01-12T14:04:28","slug":"urbaner-speichercluster-suedburgenland","status":"publish","type":"page","link":"https:\/\/aist.fh-hagenberg.at\/index.php\/de\/projekte\/urbaner-speichercluster-suedburgenland","title":{"rendered":"Urbaner Speichercluster S\u00fcdburgenland"},"content":{"rendered":"\t\t<div data-elementor-type=\"wp-page\" data-elementor-id=\"4055\" class=\"elementor elementor-4055\">\n\t\t\t\t\t\t<section class=\"elementor-section elementor-top-section elementor-element elementor-element-1e04aeed elementor-section-boxed elementor-section-height-default elementor-section-height-default\" data-id=\"1e04aeed\" data-element_type=\"section\" data-e-type=\"section\" data-settings=\"{&quot;background_background&quot;:&quot;classic&quot;,&quot;animation&quot;:&quot;none&quot;}\">\n\t\t\t\t\t\t\t<div class=\"elementor-background-overlay\"><\/div>\n\t\t\t\t\t\t\t<div class=\"elementor-container elementor-column-gap-default\">\n\t\t\t\t\t<div class=\"elementor-column elementor-col-100 elementor-top-column elementor-element elementor-element-4d62ffb2\" data-id=\"4d62ffb2\" data-element_type=\"column\" data-e-type=\"column\">\n\t\t\t<div class=\"elementor-widget-wrap elementor-element-populated\">\n\t\t\t\t\t\t<div class=\"elementor-element elementor-element-169e1dc4 elementor-widget elementor-widget-image\" data-id=\"169e1dc4\" data-element_type=\"widget\" data-e-type=\"widget\" data-widget_type=\"image.default\">\n\t\t\t\t<div class=\"elementor-widget-container\">\n\t\t\t\t\t\t\t\t\t\t\t\t\t\t\t<img decoding=\"async\" width=\"150\" height=\"150\" src=\"https:\/\/aist.fh-hagenberg.at\/wp-content\/uploads\/2020\/11\/spc-150x150.png\" class=\"attachment-thumbnail size-thumbnail wp-image-4054\" alt=\"spc\" srcset=\"https:\/\/aist.fh-hagenberg.at\/wp-content\/uploads\/2020\/11\/spc-150x150.png 150w, https:\/\/aist.fh-hagenberg.at\/wp-content\/uploads\/2020\/11\/spc.png 250w\" sizes=\"(max-width: 150px) 100vw, 150px\" \/>\t\t\t\t\t\t\t\t\t\t\t\t\t\t\t<\/div>\n\t\t\t\t<\/div>\n\t\t\t\t\t<\/div>\n\t\t<\/div>\n\t\t\t\t\t<\/div>\n\t\t<\/section>\n\t\t\t\t<section class=\"elementor-section elementor-top-section elementor-element elementor-element-11e4cac elementor-section-boxed elementor-section-height-default elementor-section-height-default\" data-id=\"11e4cac\" data-element_type=\"section\" data-e-type=\"section\">\n\t\t\t\t\t\t<div class=\"elementor-container elementor-column-gap-default\">\n\t\t\t\t\t<div class=\"elementor-column elementor-col-100 elementor-top-column elementor-element elementor-element-3c542a46\" data-id=\"3c542a46\" data-element_type=\"column\" data-e-type=\"column\">\n\t\t\t<div class=\"elementor-widget-wrap elementor-element-populated\">\n\t\t\t\t\t\t<div class=\"elementor-element elementor-element-5da263ef elementor-widget elementor-widget-text-editor\" data-id=\"5da263ef\" data-element_type=\"widget\" data-e-type=\"widget\" data-widget_type=\"text-editor.default\">\n\t\t\t\t<div class=\"elementor-widget-container\">\n\t\t\t\t\t\t\t\t\t<p>Die Forschungsgruppe AIST unterst\u00fctzt die Kollegen des <a href=\"https:\/\/forschung.fh-ooe.at\/asic\/\">Instituts ASIC<\/a> am FH Ober\u00f6sterreich Campus Wels bei der Projektumsetzung.<\/p><p>Die Entwicklung und die Realisierung eines Living-Lab-Testbetriebes eines clusterbasierenden (Speichercluster) geb\u00e4ude-, nutzerInnen-, quartierspeicher- und ladestations\u00fcbergreifenden Energiemanagementsystems im Testgebiet der Golf- und Thermenregion Stegersbach sowie im urbanen Testgebiet der Stadt Oberwart soll in Kombination mit neuen innovativen Tarifmodellen (Kontosystem) vorrangig f\u00fcr die Aktivierung, B\u00fcndelung und Vermarktung von kleinstrukturierten Energieflexibilit\u00e4ten durchgef\u00fchrt werden. Der Hauptfokus wird dabei auf die Optimierung des Speicherclusters<br \/>und nicht auf die Realisierung von energetischen Optimalzust\u00e4nden der einzelnen Teilnehmer gelegt. Dadurch wird die Integration und Nutzung von lokalen erneuerbaren Energiebereitstellungssystemen sowie die in der zugeh\u00f6rigen Regelzone verf\u00fcgbare erneuerbare \u00dcberschussenergie effizienter m\u00f6glich, die Direktnutzungsquote erh\u00f6ht, (Flexibilit\u00e4ten-) Vermarktungspotentiale aktiviert sowie entsprechende Anreize f\u00fcr den Umstieg auf Elektromobilit\u00e4t geschaffen.<\/p>\t\t\t\t\t\t\t\t<\/div>\n\t\t\t\t<\/div>\n\t\t\t\t<div class=\"elementor-element elementor-element-2343380d elementor-widget-divider--separator-type-pattern elementor-widget-divider--view-line elementor-widget elementor-widget-divider\" data-id=\"2343380d\" data-element_type=\"widget\" data-e-type=\"widget\" data-widget_type=\"divider.default\">\n\t\t\t\t<div class=\"elementor-widget-container\">\n\t\t\t\t\t\t\t<div class=\"elementor-divider\" style=\"--divider-pattern-url: url(&quot;data:image\/svg+xml,%3Csvg xmlns=&#039;http:\/\/www.w3.org\/2000\/svg&#039; preserveAspectRatio=&#039;none&#039; overflow=&#039;visible&#039; height=&#039;100%&#039; viewBox=&#039;0 0 24 24&#039; fill=&#039;none&#039; stroke=&#039;black&#039; stroke-width=&#039;1&#039; stroke-linecap=&#039;square&#039; stroke-miterlimit=&#039;10&#039;%3E%3Cpolyline points=&#039;0,18 12,6 24,18 &#039;\/%3E%3C\/svg%3E&quot;);\">\n\t\t\t<span class=\"elementor-divider-separator\">\n\t\t\t\t\t\t<\/span>\n\t\t<\/div>\n\t\t\t\t\t\t<\/div>\n\t\t\t\t<\/div>\n\t\t\t\t<div class=\"elementor-element elementor-element-2d48dac2 elementor-widget elementor-widget-text-editor\" data-id=\"2d48dac2\" data-element_type=\"widget\" data-e-type=\"widget\" data-widget_type=\"text-editor.default\">\n\t\t\t\t<div class=\"elementor-widget-container\">\n\t\t\t\t\t\t\t\t\t<p><strong>Laufzeit: <\/strong>01.07.2021 &#8211; 31.08.2022<br \/><strong>Konsortium: <\/strong><\/p><ul><li>Energie Kompass GmbH (Konsortialf\u00fchrung)<\/li><li>B-S\u00fcd Gemeinn\u00fctzige Wohnungsgesellschaft m.b.H.<\/li><li>Energieinstitut an der Johannes Kepler Universit\u00e4t Linz<\/li><li>FH O\u00d6 Forschungs &amp; Entwicklungs GmbH<\/li><li>Hoval Gesellschaft m.b.H.<\/li><li>KEBA AG<\/li><li>Kreisel Electric GmbH &amp; Co KG<\/li><li>Schlaustrom GmbH<\/li><li>Seier GmbH<\/li><li>Siemens AG<\/li><li>Stadtgemeinde Oberwart<\/li><li>Tourismusverband Golf- und Thermenregion Stegersbach<\/li><li>Zentrum f\u00fcr \u00d6komobilit\u00e4t GmbH<\/li><\/ul><p><strong>F\u00f6rdergeber\/-programm: <\/strong>\u00d6sterreichische Forschungsf\u00f6rderungsgesellschaft FFG &#8211; Klima- und Energiefonds Smart Cities<\/p>\t\t\t\t\t\t\t\t<\/div>\n\t\t\t\t<\/div>\n\t\t\t\t<div class=\"elementor-element elementor-element-386a665 elementor-widget elementor-widget-image\" data-id=\"386a665\" data-element_type=\"widget\" data-e-type=\"widget\" data-widget_type=\"image.default\">\n\t\t\t\t<div class=\"elementor-widget-container\">\n\t\t\t\t\t\t\t\t\t\t\t\t\t\t\t\t<a href=\"http:\/\/www.smartcities.at\/\">\n\t\t\t\t\t\t\t<img decoding=\"async\" width=\"453\" height=\"60\" src=\"https:\/\/aist.fh-hagenberg.at\/wp-content\/uploads\/2020\/12\/klimafond.png\" class=\"attachment-full size-full wp-image-4080\" alt=\"\" srcset=\"https:\/\/aist.fh-hagenberg.at\/wp-content\/uploads\/2020\/12\/klimafond.png 453w, https:\/\/aist.fh-hagenberg.at\/wp-content\/uploads\/2020\/12\/klimafond-300x40.png 300w\" sizes=\"(max-width: 453px) 100vw, 453px\" \/>\t\t\t\t\t\t\t\t<\/a>\n\t\t\t\t\t\t\t\t\t\t\t\t\t\t\t<\/div>\n\t\t\t\t<\/div>\n\t\t\t\t\t<\/div>\n\t\t<\/div>\n\t\t\t\t\t<\/div>\n\t\t<\/section>\n\t\t\t\t<\/div>\n\t\t","protected":false},"excerpt":{"rendered":"<p>Die Forschungsgruppe AIST unterst\u00fctzt die Kollegen des Instituts ASIC am FH Ober\u00f6sterreich Campus Wels bei der Projektumsetzung. Die Entwicklung und [&hellip;]<\/p>\n","protected":false},"author":10,"featured_media":0,"parent":30,"menu_order":0,"comment_status":"closed","ping_status":"closed","template":"","meta":{"footnotes":""},"tags":[],"class_list":["post-4055","page","type-page","status-publish","hentry","col-lg-4 col-md-6"],"_links":{"self":[{"href":"https:\/\/aist.fh-hagenberg.at\/index.php\/wp-json\/wp\/v2\/pages\/4055","targetHints":{"allow":["GET"]}}],"collection":[{"href":"https:\/\/aist.fh-hagenberg.at\/index.php\/wp-json\/wp\/v2\/pages"}],"about":[{"href":"https:\/\/aist.fh-hagenberg.at\/index.php\/wp-json\/wp\/v2\/types\/page"}],"author":[{"embeddable":true,"href":"https:\/\/aist.fh-hagenberg.at\/index.php\/wp-json\/wp\/v2\/users\/10"}],"replies":[{"embeddable":true,"href":"https:\/\/aist.fh-hagenberg.at\/index.php\/wp-json\/wp\/v2\/comments?post=4055"}],"version-history":[{"count":9,"href":"https:\/\/aist.fh-hagenberg.at\/index.php\/wp-json\/wp\/v2\/pages\/4055\/revisions"}],"predecessor-version":[{"id":4123,"href":"https:\/\/aist.fh-hagenberg.at\/index.php\/wp-json\/wp\/v2\/pages\/4055\/revisions\/4123"}],"up":[{"embeddable":true,"href":"https:\/\/aist.fh-hagenberg.at\/index.php\/wp-json\/wp\/v2\/pages\/30"}],"wp:attachment":[{"href":"https:\/\/aist.fh-hagenberg.at\/index.php\/wp-json\/wp\/v2\/media?parent=4055"}],"wp:term":[{"taxonomy":"post_tag","embeddable":true,"href":"https:\/\/aist.fh-hagenberg.at\/index.php\/wp-json\/wp\/v2\/tags?post=4055"}],"curies":[{"name":"wp","href":"https:\/\/api.w.org\/{rel}","templated":true}]}}

Urbaner Speichercluster Südburgenland

<div data-elementor-type="wp-page" data-elementor-id="4055" class="elementor elementor-4055">
						<section class="elementor-section elementor-top-section elementor-element elementor-element-1e04aeed elementor-section-boxed elementor-section-height-default elementor-section-height-default" data-id="1e04aeed" data-element_type="section" data-e-type="section" data-settings="{&quot;background_background&quot;:&quot;classic&quot;,&quot;animation&quot;:&quot;none&quot;}">
							<div class="elementor-background-overlay"></div>
							<div class="elementor-container elementor-column-gap-default">
					<div class="elementor-column elementor-col-100 elementor-top-column elementor-element elementor-element-4d62ffb2" data-id="4d62ffb2" data-element_type="column" data-e-type="column">
			<div class="elementor-widget-wrap elementor-element-populated">
						<div class="elementor-element elementor-element-169e1dc4 elementor-widget elementor-widget-image" data-id="169e1dc4" data-element_type="widget" data-e-type="widget" data-widget_type="image.default">
				<div class="elementor-widget-container">
															<img decoding="async" width="150" height="150" src="https://aist.fh-hagenberg.at/wp-content/uploads/2020/11/spc-150x150.png" class="attachment-thumbnail size-thumbnail wp-image-4054" alt="spc" srcset="https://aist.fh-hagenberg.at/wp-content/uploads/2020/11/spc-150x150.png 150w, https://aist.fh-hagenberg.at/wp-content/uploads/2020/11/spc.png 250w" sizes="(max-width: 150px) 100vw, 150px" />															</div>
				</div>
					</div>
		</div>
					</div>
		</section>
				<section class="elementor-section elementor-top-section elementor-element elementor-element-11e4cac elementor-section-boxed elementor-section-height-default elementor-section-height-default" data-id="11e4cac" data-element_type="section" data-e-type="section">
						<div class="elementor-container elementor-column-gap-default">
					<div class="elementor-column elementor-col-100 elementor-top-column elementor-element elementor-element-3c542a46" data-id="3c542a46" data-element_type="column" data-e-type="column">
			<div class="elementor-widget-wrap elementor-element-populated">
						<div class="elementor-element elementor-element-5da263ef elementor-widget elementor-widget-text-editor" data-id="5da263ef" data-element_type="widget" data-e-type="widget" data-widget_type="text-editor.default">
				<div class="elementor-widget-container">
									<p>Die Forschungsgruppe AIST unterstützt die Kollegen des <a href="https://forschung.fh-ooe.at/asic/">Instituts ASIC</a> am FH Oberösterreich Campus Wels bei der Projektumsetzung.</p><p>Die Entwicklung und die Realisierung eines Living-Lab-Testbetriebes eines clusterbasierenden (Speichercluster) gebäude-, nutzerInnen-, quartierspeicher- und ladestationsübergreifenden Energiemanagementsystems im Testgebiet der Golf- und Thermenregion Stegersbach sowie im urbanen Testgebiet der Stadt Oberwart soll in Kombination mit neuen innovativen Tarifmodellen (Kontosystem) vorrangig für die Aktivierung, Bündelung und Vermarktung von kleinstrukturierten Energieflexibilitäten durchgeführt werden. Der Hauptfokus wird dabei auf die Optimierung des Speicherclusters<br />und nicht auf die Realisierung von energetischen Optimalzuständen der einzelnen Teilnehmer gelegt. Dadurch wird die Integration und Nutzung von lokalen erneuerbaren Energiebereitstellungssystemen sowie die in der zugehörigen Regelzone verfügbare erneuerbare Überschussenergie effizienter möglich, die Direktnutzungsquote erhöht, (Flexibilitäten-) Vermarktungspotentiale aktiviert sowie entsprechende Anreize für den Umstieg auf Elektromobilität geschaffen.</p>								</div>
				</div>
				<div class="elementor-element elementor-element-2343380d elementor-widget-divider--separator-type-pattern elementor-widget-divider--view-line elementor-widget elementor-widget-divider" data-id="2343380d" data-element_type="widget" data-e-type="widget" data-widget_type="divider.default">
				<div class="elementor-widget-container">
							<div class="elementor-divider" style="--divider-pattern-url: url(&quot;data:image/svg+xml,%3Csvg xmlns=&#039;http://www.w3.org/2000/svg&#039; preserveAspectRatio=&#039;none&#039; overflow=&#039;visible&#039; height=&#039;100%&#039; viewBox=&#039;0 0 24 24&#039; fill=&#039;none&#039; stroke=&#039;black&#039; stroke-width=&#039;1&#039; stroke-linecap=&#039;square&#039; stroke-miterlimit=&#039;10&#039;%3E%3Cpolyline points=&#039;0,18 12,6 24,18 &#039;/%3E%3C/svg%3E&quot;);">
			<span class="elementor-divider-separator">
						</span>
		</div>
						</div>
				</div>
				<div class="elementor-element elementor-element-2d48dac2 elementor-widget elementor-widget-text-editor" data-id="2d48dac2" data-element_type="widget" data-e-type="widget" data-widget_type="text-editor.default">
				<div class="elementor-widget-container">
									<p><strong>Laufzeit: </strong>01.07.2021 &#8211; 31.08.2022<br /><strong>Konsortium: </strong></p><ul><li>Energie Kompass GmbH (Konsortialführung)</li><li>B-Süd Gemeinnützige Wohnungsgesellschaft m.b.H.</li><li>Energieinstitut an der Johannes Kepler Universität Linz</li><li>FH OÖ Forschungs &amp; Entwicklungs GmbH</li><li>Hoval Gesellschaft m.b.H.</li><li>KEBA AG</li><li>Kreisel Electric GmbH &amp; Co KG</li><li>Schlaustrom GmbH</li><li>Seier GmbH</li><li>Siemens AG</li><li>Stadtgemeinde Oberwart</li><li>Tourismusverband Golf- und Thermenregion Stegersbach</li><li>Zentrum für Ökomobilität GmbH</li></ul><p><strong>Fördergeber/-programm: </strong>Österreichische Forschungsförderungsgesellschaft FFG &#8211; Klima- und Energiefonds Smart Cities</p>								</div>
				</div>
				<div class="elementor-element elementor-element-386a665 elementor-widget elementor-widget-image" data-id="386a665" data-element_type="widget" data-e-type="widget" data-widget_type="image.default">
				<div class="elementor-widget-container">
																<a href="http://www.smartcities.at/">
							<img decoding="async" width="453" height="60" src="https://aist.fh-hagenberg.at/wp-content/uploads/2020/12/klimafond.png" class="attachment-full size-full wp-image-4080" alt="" srcset="https://aist.fh-hagenberg.at/wp-content/uploads/2020/12/klimafond.png 453w, https://aist.fh-hagenberg.at/wp-content/uploads/2020/12/klimafond-300x40.png 300w" sizes="(max-width: 453px) 100vw, 453px" />								</a>
															</div>
				</div>
					</div>
		</div>
					</div>
		</section>
				</div>

<p>Die Forschungsgruppe AIST unterstützt die Kollegen des Instituts ASIC am FH Oberösterreich Campus Wels bei der Projektumsetzung. Die Entwicklung und [&hellip;]</p>
